{"id":1170,"date":"2025-01-17T11:29:05","date_gmt":"2025-01-17T10:29:05","guid":{"rendered":"https:\/\/ownmailist.net\/check\/?page_id=1170"},"modified":"2025-01-17T11:29:05","modified_gmt":"2025-01-17T10:29:05","slug":"developer","status":"publish","type":"page","link":"https:\/\/mailnjoy.com\/check\/es\/developer\/","title":{"rendered":"Desarrollador"},"content":{"rendered":"\n<div class=\"wp-block-group alignwide has-global-padding is-layout-constrained wp-block-group-is-layout-constrained\">\n<div class=\"wp-block-columns alignwide is-layout-flex wp-container-core-columns-is-layout-a85f4655 wp-block-columns-is-layout-flex\">\n<div class=\"wp-block-column is-layout-flow wp-block-column-is-layout-flow\" style=\"flex-basis:55%\"><h1 class=\"wp-block-heading\">Integre nuestra API de verificaci\u00f3n de correo electr\u00f3nico en sus procesos<\/h1>\n\n\n<p><br>Integre la verificaci\u00f3n del correo electr\u00f3nico directamente en sus herramientas mediante la API de Mailnjoy. Al igual que nuestra herramienta, la API est\u00e1 en funcionamiento y preparada para crecer. <br>As\u00ed que no dudes en probarla.<br><br><\/p>\n\n\n<h2 class=\"wp-block-heading has-green-color has-text-color has-link-color wp-elements-14a46394149ca97d8b9d694db85ada49\" style=\"font-size:clamp(0.984rem, 0.984rem + ((1vw - 0.2rem) * 0.86), 1.5rem);\">Nuestro objetivo es satisfacer todas sus necesidades de automatizaci\u00f3n<\/h2>\n\n\n\n<ul class=\"wp-block-list check-list\">\n<li><strong>Validaci\u00f3n \u00fanica del correo electr\u00f3nico a trav\u00e9s de la API<\/strong><br>Valide sus direcciones en cuanto se registren sus usuarios, para garantizar la calidad de sus listas en origen y evitar el registro de cuentas fraudulentas.<\/li>\n\n\n\n<li><strong>Validaci\u00f3n de listas completas de correos electr\u00f3nicos v\u00eda SFTP<\/strong><br>Deposite sus listas de correo electr\u00f3nico completas en Check by Malnjoy y valide sus direcciones de correo electr\u00f3nico directamente desde sus herramientas, sin cambiar sus h\u00e1bitos.<\/li>\n<\/ul>\n\n\n<p><br>La API y la gesti\u00f3n de claves SFTP, as\u00ed como las diversas documentaciones de integraci\u00f3n, son accesibles a trav\u00e9s del <a href=\"https:\/\/developer.mailnjoy.com\/\" target=\"_blank\" rel=\"noreferrer noopener\"><strong>portal para desarrolladores<\/strong><\/a>. Tambi\u00e9n se puede acceder directamente desde la interfaz de su cuenta de usuario Mailnjoy.<br><br>La documentaci\u00f3n de la API tambi\u00e9n est\u00e1 disponible y puede consultarse directamente en <a href=\"https:\/\/github.com\/mailnjoy\/check-api\" target=\"_blank\" rel=\"noreferrer noopener\"><strong>Github<\/strong><\/a>.<\/p>\n<\/div>\n\n\n\n<div class=\"wp-block-column is-layout-flow wp-block-column-is-layout-flow\" style=\"padding-right:var(--wp--preset--spacing--30);padding-left:var(--wp--preset--spacing--30);flex-basis:45%\">\n<figure class=\"wp-block-image size-full\"><img loading=\"lazy\" decoding=\"async\" width=\"1743\" height=\"2282\" src=\"https:\/\/mailnjoy.com\/check\/wp-content\/uploads\/2024\/10\/developpeur.png\" alt=\"\" class=\"wp-image-305\" srcset=\"https:\/\/mailnjoy.com\/check\/wp-content\/uploads\/2024\/10\/developpeur.png 1743w, https:\/\/mailnjoy.com\/check\/wp-content\/uploads\/2024\/10\/developpeur-229x300.png 229w, https:\/\/mailnjoy.com\/check\/wp-content\/uploads\/2024\/10\/developpeur-782x1024.png 782w, https:\/\/mailnjoy.com\/check\/wp-content\/uploads\/2024\/10\/developpeur-768x1005.png 768w, https:\/\/mailnjoy.com\/check\/wp-content\/uploads\/2024\/10\/developpeur-1173x1536.png 1173w, https:\/\/mailnjoy.com\/check\/wp-content\/uploads\/2024\/10\/developpeur-1564x2048.png 1564w, https:\/\/mailnjoy.com\/check\/wp-content\/uploads\/2024\/10\/developpeur-1568x2053.png 1568w\" sizes=\"auto, (max-width: 1743px) 100vw, 1743px\" \/><\/figure>\n<\/div>\n<\/div>\n<\/div>\n\n\n\n<p><\/p>\n","protected":false},"excerpt":{"rendered":"<p>Integre nuestra API de verificaci\u00f3n de correo electr\u00f3nico en sus procesos Integre la verificaci\u00f3n del correo electr\u00f3nico directamente en sus herramientas mediante la API de Mailnjoy. Al igual que nuestra herramienta, la API est\u00e1 en funcionamiento y preparada para crecer. As\u00ed que no dudes en probarla. Nuestro objetivo es satisfacer todas sus necesidades de automatizaci\u00f3n [&hellip;]<\/p>\n","protected":false},"author":1,"featured_media":0,"parent":0,"menu_order":0,"comment_status":"closed","ping_status":"closed","template":"","meta":{"_uag_custom_page_level_css":"","footnotes":""},"class_list":["post-1170","page","type-page","status-publish","hentry"],"yoast_head":"<!-- This site is optimized with the Yoast SEO plugin v23.6 - https:\/\/yoast.com\/wordpress\/plugins\/seo\/ -->\n<title>API de verificaci\u00f3n de correo electr\u00f3nico - Mailnjoy<\/title>\n<meta name=\"description\" content=\"Utilice la API de verificaci\u00f3n de correo electr\u00f3nico de Mailnjoy para automatizar la verificaci\u00f3n de sus direcciones o listas de correo electr\u00f3nico.\" \/>\n<meta name=\"robots\" content=\"index, follow, max-snippet:-1, max-image-preview:large, max-video-preview:-1\" \/>\n<link rel=\"canonical\" href=\"https:\/\/mailnjoy.com\/check\/es\/developer\/\" \/>\n<meta name=\"twitter:label1\" content=\"Dur\u00e9e de lecture estim\u00e9e\" \/>\n\t<meta name=\"twitter:data1\" content=\"2 minutes\" \/>\n<script type=\"application\/ld+json\" class=\"yoast-schema-graph\">{\"@context\":\"https:\/\/schema.org\",\"@graph\":[{\"@type\":\"WebPage\",\"@id\":\"https:\/\/mailnjoy.com\/check\/es\/developer\/\",\"url\":\"https:\/\/mailnjoy.com\/check\/es\/developer\/\",\"name\":\"API de verificaci\u00f3n de correo electr\u00f3nico - Mailnjoy\",\"isPartOf\":{\"@id\":\"https:\/\/mailnjoy.com\/check\/#website\"},\"primaryImageOfPage\":{\"@id\":\"https:\/\/mailnjoy.com\/check\/es\/developer\/#primaryimage\"},\"image\":{\"@id\":\"https:\/\/mailnjoy.com\/check\/es\/developer\/#primaryimage\"},\"thumbnailUrl\":\"https:\/\/mailnjoy.com\/check\/wp-content\/uploads\/2024\/10\/developpeur.png\",\"datePublished\":\"2025-01-17T10:29:05+00:00\",\"dateModified\":\"2025-01-17T10:29:05+00:00\",\"description\":\"Utilice la API de verificaci\u00f3n de correo electr\u00f3nico de Mailnjoy para automatizar la verificaci\u00f3n de sus direcciones o listas de correo electr\u00f3nico.\",\"breadcrumb\":{\"@id\":\"https:\/\/mailnjoy.com\/check\/es\/developer\/#breadcrumb\"},\"inLanguage\":\"fr-FR\",\"potentialAction\":[{\"@type\":\"ReadAction\",\"target\":[\"https:\/\/mailnjoy.com\/check\/es\/developer\/\"]}]},{\"@type\":\"ImageObject\",\"inLanguage\":\"fr-FR\",\"@id\":\"https:\/\/mailnjoy.com\/check\/es\/developer\/#primaryimage\",\"url\":\"https:\/\/mailnjoy.com\/check\/wp-content\/uploads\/2024\/10\/developpeur.png\",\"contentUrl\":\"https:\/\/mailnjoy.com\/check\/wp-content\/uploads\/2024\/10\/developpeur.png\"},{\"@type\":\"BreadcrumbList\",\"@id\":\"https:\/\/mailnjoy.com\/check\/es\/developer\/#breadcrumb\",\"itemListElement\":[{\"@type\":\"ListItem\",\"position\":1,\"name\":\"Accueil\",\"item\":\"https:\/\/mailnjoy.com\/check\/fr\/\"},{\"@type\":\"ListItem\",\"position\":2,\"name\":\"Desarrollador\"}]},{\"@type\":\"WebSite\",\"@id\":\"https:\/\/mailnjoy.com\/check\/#website\",\"url\":\"https:\/\/mailnjoy.com\/check\/\",\"name\":\"Mailnjoy\",\"description\":\"\",\"publisher\":{\"@id\":\"https:\/\/mailnjoy.com\/check\/#organization\"},\"potentialAction\":[{\"@type\":\"SearchAction\",\"target\":{\"@type\":\"EntryPoint\",\"urlTemplate\":\"https:\/\/mailnjoy.com\/check\/?s={search_term_string}\"},\"query-input\":{\"@type\":\"PropertyValueSpecification\",\"valueRequired\":true,\"valueName\":\"search_term_string\"}}],\"inLanguage\":\"fr-FR\"},{\"@type\":\"Organization\",\"@id\":\"https:\/\/mailnjoy.com\/check\/#organization\",\"name\":\"Mailnjoy\",\"url\":\"https:\/\/mailnjoy.com\/check\/\",\"logo\":{\"@type\":\"ImageObject\",\"inLanguage\":\"fr-FR\",\"@id\":\"https:\/\/mailnjoy.com\/check\/#\/schema\/logo\/image\/\",\"url\":\"https:\/\/mailnjoy.com\/check\/wp-content\/uploads\/2024\/10\/check_logo_small_text_by.png\",\"contentUrl\":\"https:\/\/mailnjoy.com\/check\/wp-content\/uploads\/2024\/10\/check_logo_small_text_by.png\",\"width\":400,\"height\":347,\"caption\":\"Mailnjoy\"},\"image\":{\"@id\":\"https:\/\/mailnjoy.com\/check\/#\/schema\/logo\/image\/\"}}]}<\/script>\n<!-- \/ Yoast SEO plugin. -->","yoast_head_json":{"title":"API de verificaci\u00f3n de correo electr\u00f3nico - Mailnjoy","description":"Utilice la API de verificaci\u00f3n de correo electr\u00f3nico de Mailnjoy para automatizar la verificaci\u00f3n de sus direcciones o listas de correo electr\u00f3nico.","robots":{"index":"index","follow":"follow","max-snippet":"max-snippet:-1","max-image-preview":"max-image-preview:large","max-video-preview":"max-video-preview:-1"},"canonical":"https:\/\/mailnjoy.com\/check\/es\/developer\/","twitter_misc":{"Dur\u00e9e de lecture estim\u00e9e":"2 minutes"},"schema":{"@context":"https:\/\/schema.org","@graph":[{"@type":"WebPage","@id":"https:\/\/mailnjoy.com\/check\/es\/developer\/","url":"https:\/\/mailnjoy.com\/check\/es\/developer\/","name":"API de verificaci\u00f3n de correo electr\u00f3nico - Mailnjoy","isPartOf":{"@id":"https:\/\/mailnjoy.com\/check\/#website"},"primaryImageOfPage":{"@id":"https:\/\/mailnjoy.com\/check\/es\/developer\/#primaryimage"},"image":{"@id":"https:\/\/mailnjoy.com\/check\/es\/developer\/#primaryimage"},"thumbnailUrl":"https:\/\/mailnjoy.com\/check\/wp-content\/uploads\/2024\/10\/developpeur.png","datePublished":"2025-01-17T10:29:05+00:00","dateModified":"2025-01-17T10:29:05+00:00","description":"Utilice la API de verificaci\u00f3n de correo electr\u00f3nico de Mailnjoy para automatizar la verificaci\u00f3n de sus direcciones o listas de correo electr\u00f3nico.","breadcrumb":{"@id":"https:\/\/mailnjoy.com\/check\/es\/developer\/#breadcrumb"},"inLanguage":"fr-FR","potentialAction":[{"@type":"ReadAction","target":["https:\/\/mailnjoy.com\/check\/es\/developer\/"]}]},{"@type":"ImageObject","inLanguage":"fr-FR","@id":"https:\/\/mailnjoy.com\/check\/es\/developer\/#primaryimage","url":"https:\/\/mailnjoy.com\/check\/wp-content\/uploads\/2024\/10\/developpeur.png","contentUrl":"https:\/\/mailnjoy.com\/check\/wp-content\/uploads\/2024\/10\/developpeur.png"},{"@type":"BreadcrumbList","@id":"https:\/\/mailnjoy.com\/check\/es\/developer\/#breadcrumb","itemListElement":[{"@type":"ListItem","position":1,"name":"Accueil","item":"https:\/\/mailnjoy.com\/check\/fr\/"},{"@type":"ListItem","position":2,"name":"Desarrollador"}]},{"@type":"WebSite","@id":"https:\/\/mailnjoy.com\/check\/#website","url":"https:\/\/mailnjoy.com\/check\/","name":"Mailnjoy","description":"","publisher":{"@id":"https:\/\/mailnjoy.com\/check\/#organization"},"potentialAction":[{"@type":"SearchAction","target":{"@type":"EntryPoint","urlTemplate":"https:\/\/mailnjoy.com\/check\/?s={search_term_string}"},"query-input":{"@type":"PropertyValueSpecification","valueRequired":true,"valueName":"search_term_string"}}],"inLanguage":"fr-FR"},{"@type":"Organization","@id":"https:\/\/mailnjoy.com\/check\/#organization","name":"Mailnjoy","url":"https:\/\/mailnjoy.com\/check\/","logo":{"@type":"ImageObject","inLanguage":"fr-FR","@id":"https:\/\/mailnjoy.com\/check\/#\/schema\/logo\/image\/","url":"https:\/\/mailnjoy.com\/check\/wp-content\/uploads\/2024\/10\/check_logo_small_text_by.png","contentUrl":"https:\/\/mailnjoy.com\/check\/wp-content\/uploads\/2024\/10\/check_logo_small_text_by.png","width":400,"height":347,"caption":"Mailnjoy"},"image":{"@id":"https:\/\/mailnjoy.com\/check\/#\/schema\/logo\/image\/"}}]}},"lang":"es","translations":{"es":1170,"fr":304,"en":316,"de":1173,"it":1176,"pt":1179},"uagb_featured_image_src":{"full":false,"thumbnail":false,"medium":false,"medium_large":false,"large":false,"1536x1536":false,"2048x2048":false,"post-thumbnail":false},"uagb_author_info":{"display_name":"sylvain","author_link":"https:\/\/mailnjoy.com\/check\/author\/sylvain\/"},"uagb_comment_info":0,"uagb_excerpt":"Integre nuestra API de verificaci\u00f3n de correo electr\u00f3nico en sus procesos Integre la verificaci\u00f3n del correo electr\u00f3nico directamente en sus herramientas mediante la API de Mailnjoy. Al igual que nuestra herramienta, la API est\u00e1 en funcionamiento y preparada para crecer. As\u00ed que no dudes en probarla. Nuestro objetivo es satisfacer todas sus necesidades de automatizaci\u00f3n\u2026","pll_sync_post":[],"_links":{"self":[{"href":"https:\/\/mailnjoy.com\/check\/wp-json\/wp\/v2\/pages\/1170","targetHints":{"allow":["GET"]}}],"collection":[{"href":"https:\/\/mailnjoy.com\/check\/wp-json\/wp\/v2\/pages"}],"about":[{"href":"https:\/\/mailnjoy.com\/check\/wp-json\/wp\/v2\/types\/page"}],"author":[{"embeddable":true,"href":"https:\/\/mailnjoy.com\/check\/wp-json\/wp\/v2\/users\/1"}],"replies":[{"embeddable":true,"href":"https:\/\/mailnjoy.com\/check\/wp-json\/wp\/v2\/comments?post=1170"}],"version-history":[{"count":1,"href":"https:\/\/mailnjoy.com\/check\/wp-json\/wp\/v2\/pages\/1170\/revisions"}],"predecessor-version":[{"id":1171,"href":"https:\/\/mailnjoy.com\/check\/wp-json\/wp\/v2\/pages\/1170\/revisions\/1171"}],"wp:attachment":[{"href":"https:\/\/mailnjoy.com\/check\/wp-json\/wp\/v2\/media?parent=1170"}],"curies":[{"name":"wp","href":"https:\/\/api.w.org\/{rel}","templated":true}]}}