{"id":2100,"date":"2026-04-02T11:20:38","date_gmt":"2026-04-02T09:20:38","guid":{"rendered":"https:\/\/mailnjoy.com\/hunt\/?page_id=2100"},"modified":"2026-04-02T11:20:38","modified_gmt":"2026-04-02T09:20:38","slug":"developer","status":"publish","type":"page","link":"https:\/\/mailnjoy.com\/hunt\/es\/developer\/","title":{"rendered":"Desarrollador"},"content":{"rendered":"\n<div class=\"wp-block-group alignwide has-global-padding is-layout-constrained wp-block-group-is-layout-constrained\">\n<div class=\"wp-block-columns alignwide are-vertically-aligned-center is-layout-flex wp-container-core-columns-is-layout-a85f4655 wp-block-columns-is-layout-flex\">\n<div class=\"wp-block-column is-vertically-aligned-center is-layout-flow wp-block-column-is-layout-flow\" style=\"flex-basis:55%\">\n<h1 class=\"wp-block-heading\">Integra nuestra API de b\u00fasqueda de correo electr\u00f3nico en tus aplicaciones<\/h1>\n\n\n\n<p><br>Integra directamente la b\u00fasqueda de direcciones de correo electr\u00f3nico en tus herramientas gracias a la API de Mailnjoy. Al igual que nuestra herramienta, la API ya est\u00e1 operativa y est\u00e1 pensada para seguir creciendo, \u00a1as\u00ed que no dudes en probarla!<br><br><\/p>\n\n\n\n<h2 class=\"wp-block-heading has-green-color has-text-color has-link-color wp-elements-fb45a39c4f7d2607940eaa405b5101e3\" style=\"font-size:clamp(0.984rem, 0.984rem + ((1vw - 0.2rem) * 0.86), 1.5rem);\">Nuestro objetivo es satisfacer todas sus necesidades de automatizaci\u00f3n<\/h2>\n\n\n\n<ul class=\"wp-block-list check-list\">\n<li><strong>B\u00fasqueda individual de una direcci\u00f3n de correo electr\u00f3nico a trav\u00e9s de la API<\/strong><br>Integra la b\u00fasqueda de direcciones de correo electr\u00f3nico en tus flujos de trabajo llamando directamente a la API, ya sea para buscar a una persona concreta o direcciones gen\u00e9ricas de una empresa<\/li>\n\n\n\n<li><strong>Completa tus archivos de origen con las direcciones de correo electr\u00f3nico que faltan a trav\u00e9s de SFTP<\/strong>.<br>Sube tus archivos de origen y compl\u00e9talos a\u00f1adiendo las direcciones de correo electr\u00f3nico que faltan de tus contactos profesionales, e integra los resultados directamente en tus herramientas, sin cambiar tus h\u00e1bitos.<\/li>\n<\/ul>\n\n\n\n<p><br>La gesti\u00f3n de claves API y SFTP, as\u00ed como la documentaci\u00f3n sobre integraci\u00f3n, est\u00e1n disponibles en el <a href=\"https:\/\/developer.mailnjoy.com\/\" target=\"_blank\" rel=\"noreferrer noopener\"><strong>portal para desarrolladores<\/strong><\/a>. Tambi\u00e9n se puede acceder a este portal directamente desde la interfaz de tu cuenta de usuario de Mailnjoy.<br><br>La documentaci\u00f3n de la API tambi\u00e9n est\u00e1 disponible y se puede consultar directamente en <strong>GitHub<\/strong>.<\/p>\n<\/div>\n\n\n\n<div class=\"wp-block-column is-vertically-aligned-center is-layout-flow wp-block-column-is-layout-flow\" style=\"padding-right:var(--wp--preset--spacing--30);padding-left:var(--wp--preset--spacing--30);flex-basis:50%\">\n<figure class=\"wp-block-image size-full mr--10\"><img loading=\"lazy\" decoding=\"async\" width=\"650\" height=\"500\" src=\"https:\/\/mailnjoy.com\/hunt\/wp-content\/uploads\/2025\/09\/API-1.png\" alt=\"\" class=\"wp-image-1953\" srcset=\"https:\/\/mailnjoy.com\/hunt\/wp-content\/uploads\/2025\/09\/API-1.png 650w, https:\/\/mailnjoy.com\/hunt\/wp-content\/uploads\/2025\/09\/API-1-300x231.png 300w\" sizes=\"auto, (max-width: 650px) 100vw, 650px\" \/><\/figure>\n<\/div>\n<\/div>\n<\/div>\n\n\n\n<p><\/p>\n","protected":false},"excerpt":{"rendered":"<p>Integra nuestra API de b\u00fasqueda de correo electr\u00f3nico en tus aplicaciones Integra directamente la b\u00fasqueda de direcciones de correo electr\u00f3nico en tus herramientas gracias a la API de Mailnjoy. Al igual que nuestra herramienta, la API ya est\u00e1 operativa y est\u00e1 pensada para seguir creciendo, \u00a1as\u00ed que no dudes en probarla! Nuestro objetivo es satisfacer [&hellip;]<\/p>\n","protected":false},"author":1,"featured_media":0,"parent":0,"menu_order":0,"comment_status":"closed","ping_status":"closed","template":"","meta":{"_uag_custom_page_level_css":"","footnotes":""},"class_list":["post-2100","page","type-page","status-publish","hentry"],"yoast_head":"<!-- This site is optimized with the Yoast SEO plugin v23.6 - https:\/\/yoast.com\/wordpress\/plugins\/seo\/ -->\n<title>API de b\u00fasqueda de correo electr\u00f3nico - Mailnjoy<\/title>\n<meta name=\"description\" content=\"Utiliza la API de b\u00fasqueda de correos electr\u00f3nicos de Mailnjoy para automatizar la b\u00fasqueda de direcciones de correo electr\u00f3nico o el enriquecimiento de tus archivos de origen\" \/>\n<meta name=\"robots\" content=\"index, follow, max-snippet:-1, max-image-preview:large, max-video-preview:-1\" \/>\n<link rel=\"canonical\" href=\"https:\/\/mailnjoy.com\/hunt\/es\/developer\/\" \/>\n<meta name=\"twitter:label1\" content=\"Dur\u00e9e de lecture estim\u00e9e\" \/>\n\t<meta name=\"twitter:data1\" content=\"2 minutes\" \/>\n<script type=\"application\/ld+json\" class=\"yoast-schema-graph\">{\"@context\":\"https:\/\/schema.org\",\"@graph\":[{\"@type\":\"WebPage\",\"@id\":\"https:\/\/mailnjoy.com\/hunt\/es\/developer\/\",\"url\":\"https:\/\/mailnjoy.com\/hunt\/es\/developer\/\",\"name\":\"API de b\u00fasqueda de correo electr\u00f3nico - Mailnjoy\",\"isPartOf\":{\"@id\":\"https:\/\/mailnjoy.com\/hunt\/#website\"},\"primaryImageOfPage\":{\"@id\":\"https:\/\/mailnjoy.com\/hunt\/es\/developer\/#primaryimage\"},\"image\":{\"@id\":\"https:\/\/mailnjoy.com\/hunt\/es\/developer\/#primaryimage\"},\"thumbnailUrl\":\"https:\/\/mailnjoy.com\/hunt\/wp-content\/uploads\/2025\/09\/API-1.png\",\"datePublished\":\"2026-04-02T09:20:38+00:00\",\"dateModified\":\"2026-04-02T09:20:38+00:00\",\"description\":\"Utiliza la API de b\u00fasqueda de correos electr\u00f3nicos de Mailnjoy para automatizar la b\u00fasqueda de direcciones de correo electr\u00f3nico o el enriquecimiento de tus archivos de origen\",\"breadcrumb\":{\"@id\":\"https:\/\/mailnjoy.com\/hunt\/es\/developer\/#breadcrumb\"},\"inLanguage\":\"fr-FR\",\"potentialAction\":[{\"@type\":\"ReadAction\",\"target\":[\"https:\/\/mailnjoy.com\/hunt\/es\/developer\/\"]}]},{\"@type\":\"ImageObject\",\"inLanguage\":\"fr-FR\",\"@id\":\"https:\/\/mailnjoy.com\/hunt\/es\/developer\/#primaryimage\",\"url\":\"https:\/\/mailnjoy.com\/hunt\/wp-content\/uploads\/2025\/09\/API-1.png\",\"contentUrl\":\"https:\/\/mailnjoy.com\/hunt\/wp-content\/uploads\/2025\/09\/API-1.png\",\"width\":650,\"height\":500},{\"@type\":\"BreadcrumbList\",\"@id\":\"https:\/\/mailnjoy.com\/hunt\/es\/developer\/#breadcrumb\",\"itemListElement\":[{\"@type\":\"ListItem\",\"position\":1,\"name\":\"Accueil\",\"item\":\"https:\/\/mailnjoy.com\/hunt\/fr\/\"},{\"@type\":\"ListItem\",\"position\":2,\"name\":\"Desarrollador\"}]},{\"@type\":\"WebSite\",\"@id\":\"https:\/\/mailnjoy.com\/hunt\/#website\",\"url\":\"https:\/\/mailnjoy.com\/hunt\/\",\"name\":\"Mailnjoy\",\"description\":\"\",\"publisher\":{\"@id\":\"https:\/\/mailnjoy.com\/hunt\/#organization\"},\"potentialAction\":[{\"@type\":\"SearchAction\",\"target\":{\"@type\":\"EntryPoint\",\"urlTemplate\":\"https:\/\/mailnjoy.com\/hunt\/?s={search_term_string}\"},\"query-input\":{\"@type\":\"PropertyValueSpecification\",\"valueRequired\":true,\"valueName\":\"search_term_string\"}}],\"inLanguage\":\"fr-FR\"},{\"@type\":\"Organization\",\"@id\":\"https:\/\/mailnjoy.com\/hunt\/#organization\",\"name\":\"Mailnjoy\",\"url\":\"https:\/\/mailnjoy.com\/hunt\/\",\"logo\":{\"@type\":\"ImageObject\",\"inLanguage\":\"fr-FR\",\"@id\":\"https:\/\/mailnjoy.com\/hunt\/#\/schema\/logo\/image\/\",\"url\":\"https:\/\/mailnjoy.com\/hunt\/wp-content\/uploads\/2025\/06\/hunt-scaled.png\",\"contentUrl\":\"https:\/\/mailnjoy.com\/hunt\/wp-content\/uploads\/2025\/06\/hunt-scaled.png\",\"width\":2560,\"height\":1243,\"caption\":\"Mailnjoy\"},\"image\":{\"@id\":\"https:\/\/mailnjoy.com\/hunt\/#\/schema\/logo\/image\/\"}}]}<\/script>\n<!-- \/ Yoast SEO plugin. -->","yoast_head_json":{"title":"API de b\u00fasqueda de correo electr\u00f3nico - Mailnjoy","description":"Utiliza la API de b\u00fasqueda de correos electr\u00f3nicos de Mailnjoy para automatizar la b\u00fasqueda de direcciones de correo electr\u00f3nico o el enriquecimiento de tus archivos de origen","robots":{"index":"index","follow":"follow","max-snippet":"max-snippet:-1","max-image-preview":"max-image-preview:large","max-video-preview":"max-video-preview:-1"},"canonical":"https:\/\/mailnjoy.com\/hunt\/es\/developer\/","twitter_misc":{"Dur\u00e9e de lecture estim\u00e9e":"2 minutes"},"schema":{"@context":"https:\/\/schema.org","@graph":[{"@type":"WebPage","@id":"https:\/\/mailnjoy.com\/hunt\/es\/developer\/","url":"https:\/\/mailnjoy.com\/hunt\/es\/developer\/","name":"API de b\u00fasqueda de correo electr\u00f3nico - Mailnjoy","isPartOf":{"@id":"https:\/\/mailnjoy.com\/hunt\/#website"},"primaryImageOfPage":{"@id":"https:\/\/mailnjoy.com\/hunt\/es\/developer\/#primaryimage"},"image":{"@id":"https:\/\/mailnjoy.com\/hunt\/es\/developer\/#primaryimage"},"thumbnailUrl":"https:\/\/mailnjoy.com\/hunt\/wp-content\/uploads\/2025\/09\/API-1.png","datePublished":"2026-04-02T09:20:38+00:00","dateModified":"2026-04-02T09:20:38+00:00","description":"Utiliza la API de b\u00fasqueda de correos electr\u00f3nicos de Mailnjoy para automatizar la b\u00fasqueda de direcciones de correo electr\u00f3nico o el enriquecimiento de tus archivos de origen","breadcrumb":{"@id":"https:\/\/mailnjoy.com\/hunt\/es\/developer\/#breadcrumb"},"inLanguage":"fr-FR","potentialAction":[{"@type":"ReadAction","target":["https:\/\/mailnjoy.com\/hunt\/es\/developer\/"]}]},{"@type":"ImageObject","inLanguage":"fr-FR","@id":"https:\/\/mailnjoy.com\/hunt\/es\/developer\/#primaryimage","url":"https:\/\/mailnjoy.com\/hunt\/wp-content\/uploads\/2025\/09\/API-1.png","contentUrl":"https:\/\/mailnjoy.com\/hunt\/wp-content\/uploads\/2025\/09\/API-1.png","width":650,"height":500},{"@type":"BreadcrumbList","@id":"https:\/\/mailnjoy.com\/hunt\/es\/developer\/#breadcrumb","itemListElement":[{"@type":"ListItem","position":1,"name":"Accueil","item":"https:\/\/mailnjoy.com\/hunt\/fr\/"},{"@type":"ListItem","position":2,"name":"Desarrollador"}]},{"@type":"WebSite","@id":"https:\/\/mailnjoy.com\/hunt\/#website","url":"https:\/\/mailnjoy.com\/hunt\/","name":"Mailnjoy","description":"","publisher":{"@id":"https:\/\/mailnjoy.com\/hunt\/#organization"},"potentialAction":[{"@type":"SearchAction","target":{"@type":"EntryPoint","urlTemplate":"https:\/\/mailnjoy.com\/hunt\/?s={search_term_string}"},"query-input":{"@type":"PropertyValueSpecification","valueRequired":true,"valueName":"search_term_string"}}],"inLanguage":"fr-FR"},{"@type":"Organization","@id":"https:\/\/mailnjoy.com\/hunt\/#organization","name":"Mailnjoy","url":"https:\/\/mailnjoy.com\/hunt\/","logo":{"@type":"ImageObject","inLanguage":"fr-FR","@id":"https:\/\/mailnjoy.com\/hunt\/#\/schema\/logo\/image\/","url":"https:\/\/mailnjoy.com\/hunt\/wp-content\/uploads\/2025\/06\/hunt-scaled.png","contentUrl":"https:\/\/mailnjoy.com\/hunt\/wp-content\/uploads\/2025\/06\/hunt-scaled.png","width":2560,"height":1243,"caption":"Mailnjoy"},"image":{"@id":"https:\/\/mailnjoy.com\/hunt\/#\/schema\/logo\/image\/"}}]}},"lang":"es","translations":{"es":2100,"fr":1849,"en":2097,"de":2105,"it":2111,"pt":2115},"uagb_featured_image_src":{"full":false,"thumbnail":false,"medium":false,"medium_large":false,"large":false,"1536x1536":false,"2048x2048":false,"post-thumbnail":false},"uagb_author_info":{"display_name":"sylvain","author_link":"https:\/\/mailnjoy.com\/hunt\/author\/sylvain\/"},"uagb_comment_info":0,"uagb_excerpt":"Integra nuestra API de b\u00fasqueda de correo electr\u00f3nico en tus aplicaciones Integra directamente la b\u00fasqueda de direcciones de correo electr\u00f3nico en tus herramientas gracias a la API de Mailnjoy. Al igual que nuestra herramienta, la API ya est\u00e1 operativa y est\u00e1 pensada para seguir creciendo, \u00a1as\u00ed que no dudes en probarla! Nuestro objetivo es satisfacer\u2026","pll_sync_post":[],"_links":{"self":[{"href":"https:\/\/mailnjoy.com\/hunt\/wp-json\/wp\/v2\/pages\/2100","targetHints":{"allow":["GET"]}}],"collection":[{"href":"https:\/\/mailnjoy.com\/hunt\/wp-json\/wp\/v2\/pages"}],"about":[{"href":"https:\/\/mailnjoy.com\/hunt\/wp-json\/wp\/v2\/types\/page"}],"author":[{"embeddable":true,"href":"https:\/\/mailnjoy.com\/hunt\/wp-json\/wp\/v2\/users\/1"}],"replies":[{"embeddable":true,"href":"https:\/\/mailnjoy.com\/hunt\/wp-json\/wp\/v2\/comments?post=2100"}],"version-history":[{"count":2,"href":"https:\/\/mailnjoy.com\/hunt\/wp-json\/wp\/v2\/pages\/2100\/revisions"}],"predecessor-version":[{"id":2103,"href":"https:\/\/mailnjoy.com\/hunt\/wp-json\/wp\/v2\/pages\/2100\/revisions\/2103"}],"wp:attachment":[{"href":"https:\/\/mailnjoy.com\/hunt\/wp-json\/wp\/v2\/media?parent=2100"}],"curies":[{"name":"wp","href":"https:\/\/api.w.org\/{rel}","templated":true}]}}